*p = -5*v - p + 25. What is the remainder when v is divided by ((-6)/4)/((-1)/2)?
2
Let p(f) = 12*f**2 + f. Suppose -r + 10 = 4*r, 3*k - r = 13. Suppose 0 = -k*j - 0 + 5. Calculate the remainder when 23 is divided by p(j).
10
Suppose 14 - 82 = -4*b. Let u = b + -7. What is the remainder when 39 is divided by u?
9
Let y be 18/8 - 2 - 68/16. Calculate the remainder when 137 is divided by 37 + 5*(y/(-10))/(-1).
32
Let o(c) = c + 1. Let r be o(3). Suppose -326 = -5*n + 2*s - 62, n = r*s + 42. Calculate the remainder when n is divided by 19.
16
Suppose 3*x - 4*k = 35, 5*k + 6 = -4*x + 1. Suppose -5*f + 75 = 2*q - 282, -x*q - 4*f = -901. What is the remainder when q is divided by 46?
43
Let a = 13 + 9. Let k be a - (0 - -2)/2. Calculate the remainder when 27 is divided by ((-7)/k)/((-2)/42).
6
Calculate the remainder when (4/(-6))/((-132)/13266) is divided by 37.
30
Let w = -3 - -5. Let k(v) = v + 20. Let l be k(-13). Suppose w*n + l = 45. Calculate the remainder when 37 is divided by n.
18
Suppose -23*j + 1747 = -1128. Calculate the remainder when j is divided by 13.
8
Suppose 12*t - 7*t = -270. What is the remainder when 6 is divided by 3/(t/4) - (-154)/126?
0
Let t = -15 - -23. Suppose 1 - t = -z + 2*s, 0 = -z - 5*s. Suppose 105 = z*i - 75. Calculate the remainder when i is divided by 13.
10
Let v(w) = -8*w - 19. Let x be v(-7). Let s = -19 + x. What is the remainder when 51 is divided by s?
15
Suppose 4*w = -3*k + 155, 17*k = 13*k - 4*w + 200. Suppose 0 = -l + b + 26, 5*l + 5*b + k - 175 = 0. What is the remainder when 100 is divided by l?
22
Let t(h) = 3*h**3 - 9*h**2 + 6*h + 4. Let j(u) = -4*u**3 + 9*u**2 - 5*u - 4. Let o(y) = 2*j(y) + 3*t(y). Calculate the remainder when 30 is divided by o(8).
2
Suppose -z = 22*i - 24*i + 158, 0 = -5*z - 10. Calculate the remainder when i is divided by 17.
10
Let s(r) = 9*r - 32. Let d be s(4). Suppose k = g + d + 19, 4*g = 2*k - 46. Calculate the remainder when 86 is divided by k.
17
Suppose -4*j = -8*j - n + 10, j = 4*n - 6. Calculate the remainder when 5 is divided by j.
1
Let t be 230/30 + (-1)/(-3)*-2. Let y(h) be the first derivative of -h**4/4 + 8*h**3/3 - 4*h + 2. Calculate the remainder when y(t) is divided by 24.
21
Suppose -i - 13 - 19 = -3*h, 5*h - i = 50. Let s = -9 + h. Let x(u) = -u**2 + u + 43. Calculate the remainder when x(s) is divided by 11.
10
Suppose -v = -3*v - 3*a + 188, 4*v - 368 = -4*a. Suppose -5*n = 28 - v. What is the remainder when 31 is divided by n?
7
Suppose 4*k = 2*k + 5*s, -4*s + 36 = 2*k. Let w(g) = -g**2 + g + 28. Let m be w(0). Let p = m + -1. Calculate the remainder when p is divided by k.
7
Let s = 576 + -564. What is the remainder when 153 is divided by s?
9
Let x(n) = -5*n - 4. Let q be x(-2). What is the remainder when 106 - q - (3 + -2) is divided by 34?
31
Let c(m) = 11*m - 7. Let h be c(5). Suppose 4*l - 30 = -a + 7*l, 3*l = 2*a - h. Calculate the remainder when a is divided by 6.
0
Let d(r) = -2*r + 4. Let y be d(3). Let j = y - -33. Suppose 62 = 5*z - 4*f + 2, -4*z = 3*f - 79. What is the remainder when j is divided by z?
15
Let f be (-5 - -6 - -3) + 158/2. Suppose -3*g + 4*a + f + 59 = 0, g - 39 = 3*a. What is the remainder when g is divided by 15?
9
Suppose a - 4*p - 34 = 0, 41 = 2*a - 0*p + p. Calculate the remainder when 23 is divided by a.
1
Let n(w) = w**3 - 5*w**2 - w + 11. Let u be n(5). Calculate the remainder when -4*1 - (-282)/u is divided by 1/(12/11 + -1).
10
Let p be 3/2*3552/9. Suppose 4*s = -148 + p. Calculate the remainder when s is divided by 28.
27
Let b(q) = q**3 - 2*q**2 + 3*q + 12. What is the remainder when b(4) is divided by 6?
2
Let s(r) = -r**3 - 10*r**2 - 33*r - 1. Calculate the remainder when 66 is divided by s(-5).
27
Suppose -2*n - 21 = -p + n, -2*p = 4*n - 22. What is the remainder when 23 is divided by p?
8
Let j(y) = -y + 1 + 1 - 1. What is the remainder when (-122)/(-8) + 25/(-20) is divided by j(-7)?
6
Let j = -77 + 473. What is the remainder when j is divided by 20?
16
Let n(w) = 3*w**3 - 2*w**2 + 61*w - 139. Suppose -2*g + 58 = -3*z + 2*z, 0 = -2*g - 5*z + 34. Calculate the remainder when n(3) is divided by g.
26
Let s(n) = -n**3 - 11*n**2 + 11*n - 8. Let k be (5/(-10))/((-5)/(-120)). What is the remainder when 12 is divided by s(k)?
0
Let h(w) = -w + 10. Suppose -n = -8*n + 392. What is the remainder when n is divided by h(-9)?
18
Let t(k) = 4*k**2 - 66*k + 65. Calculate the remainder when 127 is divided by t(16).
28
Let i(w) = 4*w - 143. Let z = 27 - 10. What is the remainder when z is divided by i(38)?
8
Suppose -4*z - 30 = 5*l, 2*l + z = 2*z + 1. Let k(h) = h**3 + h**2 - 3*h + 4. Calculate the remainder when 65 is divided by k(l).
5
Let x(t) = -6*t - 21. Let f be x(-8). Suppose -3*q + f = -4*m, -4*q + 2*q + 1 = 3*m. Calculate the remainder when 13 is divided by q.
3
Suppose -22*h - 2037 = -43*h. Calculate the remainder when h is divided by 55.
42
Calculate the remainder when 10/(-15) - 580/(-15) - 4 is divided by 14.
6
Let t(f) = 33*f - 25. Let r = 50 - 25. Calculate the remainder when t(3) is divided by r.
24
Let n = 164 - 140. Calculate the remainder when (-2)/(-6)*(0 + 141) is divided by n.
23
Suppose -3 = 4*c - 11. Let t be (-18)/5 - 12/30. What is the remainder when (1/c)/(t/(-360)) is divided by 12?
9
Suppose 0 = 2*b - 6*b - 4*g + 12, 0 = 5*g + 10. Calculate the remainder when (-32*b/(-15))/((-1)/(-6)) is divided by 34.
30
Let s = -264 - -315. What is the remainder when 101 is divided by s?
50
Let f(a) = 3*a - 23. Let l be f(7). What is the remainder when 48 is divided by 16 - ((-3 - l) + 0)?
14
Let u = 263 - 131. Calculate the remainder when u is divided by 43.
3
Let p(n) = -5*n**2 - 10*n - 17. Let v be p(-8). Let z = -59 - v. Calculate the remainder when z is divided by 40.
38
Let p(f) be the third derivative of -f**6/120 + f**5/12 + f**4/8 - 2*f**3/3 - 11*f**2 - 1. Calculate the remainder when p(4) is divided by 9.
6
Let t(i) = 3*i**2 - 3*i - 7. Let u = -3764 - -3771. What is the remainder when t(5) is divided by u?
4
Let a = 102 - 93. Let j = -7 - -31. What is the remainder when j is divided by a?
6
Suppose -4*v = -3*o + 171 + 546, -4*v - 482 = -2*o. What is the remainder when o is divided by 67?
34
Suppose 4*l = -2*s + 118, 5*l - 118 = -0*s - 2*s. Calculate the remainder when s is divided by 32.
27
Let i = -273 - -528. Suppose -29*s - i = -34*s. What is the remainder when s is divided by 18?
15
Let t(w) = w**3 + 5*w**2 - 7*w - 3. Let c be t(-6). What is the remainder when (-4)/(16/(-164)) - c is divided by 10?
8
Let i(t) = -3*t**3 + 3*t**2 - 1. Let w be i(-2). Let r = -31 + w. Suppose 0*o = r*o - 164. What is the remainder when o is divided by 14?
13
Let z(v) = 8*v**2 - 5*v - 21. What is the remainder when z(5) is divided by 39?
37
Suppose -4*u - 14 = -q, -3*q - 3*u + 72 = -0*q. Let b(o) = 25*o - 12. Let v be (1/4)/(11/132). Calculate the remainder when b(v) is divided by q.
19
Let o(k) = -2*k**3 - 65*k**2 + 33*k + 27. What is the remainder when 52 is divided by o(-33)?
25
Let j(u) = 80*u + 10. Suppose 4*w + 16 = 0, -2*w - 5 - 3 = -l. Suppose -5*n - 71 + 186 = l. Calculate the remainder when j(1) is divided by n.
21
Let x(g) = -g**2 - 9*g + 9. Suppose 3*v + 3 = 2*v + 2*h, -2*h - 25 = 3*v. Let j be x(v). Suppose 3 - j = -q. What is the remainder when 37 is divided by q?
17
Suppose -2*y - 3*y + 15 = 0. Let m = -9 - -36. Suppose -5*k + 3*l = -m, -3*l = 6*k - 2*k. What is the remainder when y is divided by k?
0
Let r = 79 - 43. Let c = r + -19. Calculate the remainder when 66 is divided by c.
15
Suppose 0 = -8*g + 5*g - 4*d + 26, 0 = 4*g - d - 3. Let l be 1/((-1)/(0 - 2)). Let r = g + l. What is the remainder when r is divided by 3?
1
Let q be 2*4*(-1)/(-10)*5. Suppose 11 = q*m - 3*m + f, -1 = m - 5*f. Calculate the remainder when 26 is divided by m.
8
Suppose 0 = 4*v - 3*b + 3 - 109, 121 = 5*v + 2*b. Calculate the remainder when 623 is divided by v.
23
Let k(d) = 21*d**3 - 3*d**2 - 2. Let m be k(3). Let j = m + -190. What is the remainder when (-4)/12*j/(-4) is divided by 6?
5
Calculate the remainder when 26 is divided by -15*(-4)/(-20)*14/(-3).
12
Suppose 2*z = 30 + 32. What is the remainder when z is divided by 8?
7
Let y be (1 - -2 - 4) + 3. Suppose 0 = -5*v - y*k + 50, 2*v - k = 3 + 17. What is the remain